te the greatest common factor of 54 and s.
54
Suppose -r - 5*m = -1, 7*r - 38 = 3*r - 3*m. Calculate the greatest common divisor of 77 and r.
11
Let m be 1968/(-72)*(-1224)/16. Calculate the greatest common divisor of 102 and m.
51
Let r(w) = -w**3 - 10*w**2 - w + 2. Let q be r(-10). Suppose 0 = -2*m + q - 4. Suppose m*d = 20 + 12. Calculate the highest common factor of d and 4.
4
Suppose -v + 2*r + 19 = -0*r, -77 = -5*v + 4*r. Suppose 0 = 199*y - 46121 - 106512. What is the highest common factor of y and v?
13
Suppose 2 = c + m - 3, 0 = 3*c + 4*m - 20. Suppose -9*y + c*y = -2025. What is the greatest common divisor of y and 25?
25
Suppose -20 = -5*u, -7 = -2*z + 4*u + 89. Suppose -4*f - 2*i + 0*i = -z, -2*f = -4*i - 48. Calculate the highest common divisor of f and 128.
16
Let y = 53 - 8. Suppose -5760 = 72*u - 176*u + 80*u. Calculate the greatest common factor of u and y.
15
Let w = -439 - -443. Let i = 58 + -68. Let f = i - -14. What is the greatest common factor of f and w?
4
Let c = -516 - -526. What is the greatest common divisor of c and 27520?
10
Suppose -25232 = -57*d - 12*d - 97*d. What is the highest common factor of 39672 and d?
152
Let y(o) = 13*o - 64 + 6*o**2 - 7*o**2 + 224. Let d be y(19). What is the highest common factor of 161 and d?
23
Let v = -8 + 17. Let h(k) be the second derivative of -7*k**3/6 + 50*k**2 + 67*k + 2. Let y be h(13). Calculate the greatest common factor of v and y.
9
Let x be (-7)/14 + 3/6. Suppose x = 4*u + 4*s - 32, 2*u - 3*s + s = 36. What is the highest common factor of 325 and u?
13
Let f = -6 - -12. Suppose -2*s = f, 4*t + s = 235 - 22. Suppose 0 = -2*i - 5*v + 12, 4*i - 44 = 4*v - 20. Calculate the greatest common divisor of t and i.
6
Let f be 3/(-6) - -2 - 2/(-4). Suppose -85 = -f*z + 187. What is the greatest common divisor of 34 and z?
34
Let b be 81*(5 + 440/(-90)). Calculate the highest common factor of 2259 and b.
9
Let f = 64896 - 64837. Let n = 42 - -725. Calculate the greatest common factor of f and n.
59
Suppose z - 2*b = 9638, 0 = 16*z - 18*z + 5*b + 19280. Calculate the highest common divisor of 45 and z.
45
Suppose 703*y - 705*y + 76 = 3*i, -4*y + 2*i + 104 = 0. Calculate the highest common factor of 1247 and y.
29
Let x be (10 - 12)*((-4)/8 + (-10)/4). Calculate the greatest common factor of x and 846.
6
Suppose 1267*r - 61248 = 1256*r. Calculate the highest common factor of 87 and r.
87
Let d = 5 + 21. Let w be (-1 - 1)/(161/676 - 19/76). What is the highest common divisor of d and w?
13
Let c(u) = 40*u - 1042. Let w be c(27). What is the highest common factor of 4237 and w?
19
Let a(h) = -4*h + h + 8 - 9. Let v be a(-3). Suppose 3*o + 5 = v. What is the greatest common factor of 2 and o?
1
Let k(g) = 7*g - 1. Suppose -3*b + 5 = -34. Let o be k(b). Suppose 2*a + 2 = 0, 61 = 4*m + a - 2*a. Calculate the greatest common divisor of o and m.
15
Suppose 30*d - 49736 = -14396. What is the highest common divisor of d and 95?
19
Suppose 537714 + 305486 = 527*p. Calculate the highest common factor of 180 and p.
20
Suppose 12*s - 13*s + 43 = 0. Suppose 53*y - 2400 = s*y. Calculate the highest common factor of 48 and y.
48
Let d be ((-4)/8)/((-2)/6) + 10611/18. Calculate the highest common factor of 5122 and d.
197
Let m(h) = h**2 - 618*h + 4295. Let w be m(7). Suppose 0 = 3*p + 3. Let k be (-9)/((-6)/2) + p. Calculate the highest common factor of w and k.
2
Let t be (0 + 3 + 2)*4/10. Suppose t*g + 3*x - 200 = 5*x, 0 = 4*x - 8. Suppose 0 = -4*v - g + 1030. Calculate the greatest common factor of 29 and v.
29
Let g = -7952 - -8576. What is the greatest common factor of 64 and g?
16
Suppose -2673 = -115*j - 1992 + 3689. Calculate the highest common factor of j and 589.
19
Let o(p) = 179*p**2 - 205*p + 11. Let t be o(-5). What is the greatest common divisor of t and 561?
33
Let g(w) = 1556*w**3 + 13*w**2 + 4*w - 3. Let d be g(1). Calculate the highest common factor of d and 270.
10
Suppose -u = -4*u, 0*u - 1386 = -3*d - u. What is the greatest common divisor of 112 and d?
14
Let j = -361 + 581. Let w = -1021 - -1031. What is the greatest common divisor of j and w?
10
Let j = 4958 - 4935. Suppose -4*m = 4*y - 6156, -2*m - 3*m = -2*y - 7709. What is the greatest common divisor of j and m?
23
Let f = -118507 - -118510. Let k = -13 + 18. What is the greatest common factor of k and f?
1
Suppose -267*n + 280 = -489*n + 262*n. Calculate the highest common factor of n and 966.
7
Suppose 124 = -7*g + 1041. Let c = 243 - g. What is the greatest common divisor of c and 14?
14
Suppose 17*d - 19*d + 3*r = -104, -10*d + 4*r + 520 = 0. Suppose -3*p - 310 = -5*n, 3*n - 220 = 2*p - 7*p. What is the greatest common factor of d and n?
13
Let z be 1960/1470*(-1 + 49/4). Calculate the highest common divisor of z and 6495.
15
Let z be (-265)/5*-1 + 1 + -3. Suppose -87*m + 636 = 19*m. Calculate the highest common divisor of m and z.
3
Suppose -728 = 3*y - 16*y. Suppose -7*x - 339 = -829. Calculate the highest common factor of y and x.
14
Suppose 3*x + 4*u - 128 = 0, 134 = 3*x + 5*u + 4. Suppose -14*j - 14 = -16*j - 2*m, -2*j - 3*m = -11. What is the greatest common divisor of j and x?
10
Suppose -521 + 293 = -44*k + 6*k. What is the greatest common factor of 54 and k?
6
Let k = 167 + -76. Let q be 3 - (-62)/(-22) - 53/(-11). Suppose -17 - 48 = -q*g. Calculate the highest common divisor of g and k.
13
Let k(l) = -11*l - 13. Let m be k(-4). Suppose -4*f - m = -c - f, -2*c + 4*f + 66 = 0. Suppose 0 = i + 32 - c. What is the highest common factor of i and 55?
5
Let k = 272 + 638. Suppose 5*v + 5*c - k = 0, 18*c - 22*c = -5*v + 928. What is the greatest common factor of 46 and v?
46
Let k(d) = -43*d + 3. Let u be k(-1). Let q = u - 34. Let g = 14 + q. What is the highest common factor of 13 and g?
13
Let g(y) = -2*y - 8. Let d be g(-6). Suppose 543*c + 3 = 544*c. Suppose -5*o = -w + 4, 4*w - c*o = w + 12. What is the highest common factor of w and d?
4
Let i(z) = -1509*z + 5773. Let k be i(3). What is the greatest common divisor of k and 3382?
178
Let d(n) = -n**2 - 18*n - 80. Let y be d(-7). Let w be 81 + (y - (3 - 3)). Suppose 0*g - 48 = -8*g. What is the greatest common divisor of g and w?
6
Suppose 0 = 2*f - f - 207. Let t = 95 + -1. Let x = t - 71. Calculate the greatest common factor of x and f.
23
Let t(p) = 32*p - 292. Let l be t(28). Let m = -600 + l. What is the greatest common divisor of 268 and m?
4
Suppose 3*y - 214*l - 1301 = -212*l, -1315 = -3*y + 4*l. Calculate the highest common factor of 702 and y.
39
Let s = -6185 - -6685. Calculate the highest common divisor of 375 and s.
125
Suppose -864 = 6*k - 3*k. Let w be k/(-10) - (-1)/5. Suppose -4098*h = -3008*h - 20282 - 200988. Calculate the highest common factor of h and w.
29
Suppose 0*l = -5*l - 365. Let x be (3 + 1)/1 - l. Let u be (12/(-27))/(-2) - (-244)/36. What is the greatest common factor of u and x?
7
Let o = -4542 - -4566. Suppose 5*b + 37 = 4*s, 0 = 4*b - 0 + 4. Calculate the highest common divisor of s and o.
8
Let y be (-1 - -9 - 1) + 324. Let v = 344 - y. Calculate the greatest common divisor of 2 and v.
1
Let t = 135 - 132. Suppose 4*z + w = 761, 5*z - 189 = -t*w + 771. What is the highest common factor of 54 and z?
27
Let l be (-186)/(-36) + (-7)/42. Suppose -l = i - 10. What is the greatest common factor of 175 and i?
5
Suppose 0 = 4*a + c - 57 + 10, -a + 3*c = -15. Calculate the greatest common factor of a and 1284.
12
Suppose -6100*l + 6095*l + 340 = 0. Calculate the highest common factor of 918 and l.
34
Let z = -407 + 419. Let u = 11 + z. What is the greatest common divisor of 529 and u?
23
Let v be (-3)/4 - 165/(-44). Suppose 2*z + 1000 = -v*f + 5*f, 2512 = 5*f - 2*z. What is the greatest common divisor of f and 63?
63
Let t be (2 + 60/(-36))/(((-4)/2)/(-366)). Let z = -55 - -56. What is the highest common divisor of z and t?
1
Let a be -3 + (-51)/(-15) - 26/(-10). Suppose -o - a*l + 10 = 0, l = -4*l + 15. Let s be (o/(-2))/((-2)/116). What is the highest common divisor of s and 29?
29
Let q be (-10 - 0)*1 + (-7 - -3684). What is the greatest common factor of 1351 and q?
193
Suppose 72*z = 43330 + 8222. What is the greatest common factor of 8 and z?
4
Let s(a) = 3*a - 16. Let t = 19 - 11. Let m be s(t). Suppose -12*z = -45 - 51. Cal